{"id":269,"date":"2022-10-02T16:33:00","date_gmt":"2022-10-02T14:33:00","guid":{"rendered":"http:\/\/51.178.39.65\/?page_id=269"},"modified":"2022-10-02T17:25:22","modified_gmt":"2022-10-02T15:25:22","slug":"massage-visage-crane","status":"publish","type":"page","link":"https:\/\/douceuraunaturel.com\/index.php\/massages\/massage-visage-crane\/","title":{"rendered":"MASSAGE VISAGE CRANE"},"content":{"rendered":"\n<blockquote class=\"wp-block-quote is-layout-flow wp-block-quote-is-layout-flow\"><p><strong>Prix\u00a0: <strong>3<\/strong>0 <strong>\u20ac<\/strong> \/ Dur\u00e9e\u00a0: <strong>3<\/strong>0 minutes<\/strong><\/p><\/blockquote>\n\n\n\n<p>Id\u00e9al pour calmer le mental, le stress et l&rsquo;\u00e9nergie bloqu\u00e9e.<\/p>\n\n\n\n<p>Vous allez appr\u00e9cier ce moment de relaxation et les pressions (digipuncture) sur les m\u00e9ridiens du cr\u00e2ne QUI VONT PERMETTRE DE TRAVAILLER sur l&rsquo;ensemble du corps (foie, colon, intestins&#8230;)<\/p>\n\n\n\n<p>&#8211; Il lutte contre la fatigue<br>&#8211; Il r\u00e9duit le stress<br>&#8211; Il att\u00e9nue les maux de t\u00eate<br>&#8211; Il combat les insomnies<br>&#8211; Il calme les tensions dans la nuque et le haut du dos<\/p>\n\n\n\n<div class=\"wp-block-buttons is-layout-flex wp-block-buttons-is-layout-flex\">\n<div class=\"wp-block-button\"><a class=\"wp-block-button__link\" href=\"https:\/\/douceur-au-naturel.reservio.com\/booking\" target=\"_blank\" rel=\"noreferrer noopener\">Prendre rendez-vous<\/a><\/div>\n<\/div>\n","protected":false},"excerpt":{"rendered":"<p>Prix\u00a0: 30 \u20ac \/ Dur\u00e9e\u00a0: 30 minutes Id\u00e9al pour calmer le mental, le stress et l&rsquo;\u00e9nergie bloqu\u00e9e. Vous allez appr\u00e9cier ce moment de relaxation et &hellip; <\/p>\n","protected":false},"author":1,"featured_media":270,"parent":51,"menu_order":0,"comment_status":"open","ping_status":"closed","template":"","meta":{"footnotes":""},"class_list":["post-269","page","type-page","status-publish","has-post-thumbnail","hentry"],"_links":{"self":[{"href":"https:\/\/douceuraunaturel.com\/index.php\/wp-json\/wp\/v2\/pages\/269","targetHints":{"allow":["GET"]}}],"collection":[{"href":"https:\/\/douceuraunaturel.com\/index.php\/wp-json\/wp\/v2\/pages"}],"about":[{"href":"https:\/\/douceuraunaturel.com\/index.php\/wp-json\/wp\/v2\/types\/page"}],"author":[{"embeddable":true,"href":"https:\/\/douceuraunaturel.com\/index.php\/wp-json\/wp\/v2\/users\/1"}],"replies":[{"embeddable":true,"href":"https:\/\/douceuraunaturel.com\/index.php\/wp-json\/wp\/v2\/comments?post=269"}],"version-history":[{"count":5,"href":"https:\/\/douceuraunaturel.com\/index.php\/wp-json\/wp\/v2\/pages\/269\/revisions"}],"predecessor-version":[{"id":322,"href":"https:\/\/douceuraunaturel.com\/index.php\/wp-json\/wp\/v2\/pages\/269\/revisions\/322"}],"up":[{"embeddable":true,"href":"https:\/\/douceuraunaturel.com\/index.php\/wp-json\/wp\/v2\/pages\/51"}],"wp:featuredmedia":[{"embeddable":true,"href":"https:\/\/douceuraunaturel.com\/index.php\/wp-json\/wp\/v2\/media\/270"}],"wp:attachment":[{"href":"https:\/\/douceuraunaturel.com\/index.php\/wp-json\/wp\/v2\/media?parent=269"}],"curies":[{"name":"wp","href":"https:\/\/api.w.org\/{rel}","templated":true}]}}