{"id":276,"date":"2022-10-02T16:44:38","date_gmt":"2022-10-02T14:44:38","guid":{"rendered":"http:\/\/51.178.39.65\/?page_id=276"},"modified":"2024-09-24T17:56:03","modified_gmt":"2024-09-24T15:56:03","slug":"massage-dos","status":"publish","type":"page","link":"https:\/\/douceuraunaturel.com\/index.php\/massages\/massage-dos\/","title":{"rendered":"MASSAGE DOS"},"content":{"rendered":"\n<blockquote class=\"wp-block-quote is-layout-flow wp-block-quote-is-layout-flow\">\n<p><strong>Prix : 45 \u20ac <\/strong><\/p>\n<\/blockquote>\n\n\n\n<p>Le&nbsp;<strong>massage<\/strong>&nbsp;du&nbsp;<strong>dos<\/strong>&nbsp;vise principalement la d\u00e9tente et la relaxation. <\/p>\n\n\n\n<p>Il permet \u00e9galement d&rsquo;\u00e9vacuer les toxines et de stimuler la circulation sanguine, lymphatique et \u00e9nerg\u00e9tique.<\/p>\n\n\n\n<div class=\"wp-block-buttons is-layout-flex wp-block-buttons-is-layout-flex\">\n<div class=\"wp-block-button\"><a class=\"wp-block-button__link wp-element-button\" href=\"https:\/\/douceur-au-naturel.reservio.com\/booking\" target=\"_blank\" rel=\"noreferrer noopener\">Prendre rendez-vous<\/a><\/div>\n<\/div>\n","protected":false},"excerpt":{"rendered":"<p>Prix : 45 \u20ac Le&nbsp;massage&nbsp;du&nbsp;dos&nbsp;vise principalement la d\u00e9tente et la relaxation. Il permet \u00e9galement d&rsquo;\u00e9vacuer les toxines et de stimuler la circulation sanguine, lymphatique et &hellip; <\/p>\n","protected":false},"author":1,"featured_media":277,"parent":51,"menu_order":0,"comment_status":"closed","ping_status":"closed","template":"","meta":{"footnotes":""},"class_list":["post-276","page","type-page","status-publish","has-post-thumbnail","hentry"],"_links":{"self":[{"href":"https:\/\/douceuraunaturel.com\/index.php\/wp-json\/wp\/v2\/pages\/276","targetHints":{"allow":["GET"]}}],"collection":[{"href":"https:\/\/douceuraunaturel.com\/index.php\/wp-json\/wp\/v2\/pages"}],"about":[{"href":"https:\/\/douceuraunaturel.com\/index.php\/wp-json\/wp\/v2\/types\/page"}],"author":[{"embeddable":true,"href":"https:\/\/douceuraunaturel.com\/index.php\/wp-json\/wp\/v2\/users\/1"}],"replies":[{"embeddable":true,"href":"https:\/\/douceuraunaturel.com\/index.php\/wp-json\/wp\/v2\/comments?post=276"}],"version-history":[{"count":10,"href":"https:\/\/douceuraunaturel.com\/index.php\/wp-json\/wp\/v2\/pages\/276\/revisions"}],"predecessor-version":[{"id":497,"href":"https:\/\/douceuraunaturel.com\/index.php\/wp-json\/wp\/v2\/pages\/276\/revisions\/497"}],"up":[{"embeddable":true,"href":"https:\/\/douceuraunaturel.com\/index.php\/wp-json\/wp\/v2\/pages\/51"}],"wp:featuredmedia":[{"embeddable":true,"href":"https:\/\/douceuraunaturel.com\/index.php\/wp-json\/wp\/v2\/media\/277"}],"wp:attachment":[{"href":"https:\/\/douceuraunaturel.com\/index.php\/wp-json\/wp\/v2\/media?parent=276"}],"curies":[{"name":"wp","href":"https:\/\/api.w.org\/{rel}","templated":true}]}}